on factor of 234 and 54.
18
What is the highest common factor of 808 and 909?
101
Calculate the greatest common divisor of 1586 and 78.
26
Calculate the highest common divisor of 227 and 11.
1
Calculate the greatest common divisor of 374 and 68.
34
Calculate the greatest common factor of 30 and 870.
30
What is the highest common factor of 12 and 1338?
6
What is the greatest common factor of 117 and 486?
9
What is the highest common divisor of 111 and 3?
3
What is the greatest common divisor of 48 and 708?
12
Calculate the greatest common divisor of 16 and 288.
16
What is the greatest common factor of 12 and 204?
12
Calculate the highest common divisor of 1275 and 408.
51
What is the greatest common divisor of 33578 and 206?
206
What is the greatest common factor of 35 and 1645?
35
What is the highest common factor of 20 and 60?
20
Calculate the greatest common divisor of 492 and 574.
82
Calculate the highest common divisor of 325 and 78.
13
What is the greatest common divisor of 145 and 140?
5
What is the highest common divisor of 11619 and 9?
9
What is the highest common divisor of 205 and 41?
41
What is the highest common divisor of 231 and 12782?
77
What is the highest common factor of 44 and 66?
22
Calculate the greatest common factor of 1664 and 286.
26
What is the greatest common divisor of 2332 and 352?
44
What is the greatest common factor of 33 and 429?
33
What is the greatest common divisor of 9096 and 24?
24
Calculate the greatest common divisor of 833 and 17.
17
What is the greatest common factor of 45 and 105?
15
Calculate the greatest common factor of 177 and 59.
59
Calculate the highest common divisor of 858 and 264.
66
What is the highest common factor of 2090 and 19?
19
Calculate the highest common factor of 217 and 930.
31
Calculate the greatest common divisor of 8790 and 60.
30
Calculate the highest common factor of 469 and 201.
67
What is the highest common factor of 75 and 125?
25
Calculate the highest common divisor of 198 and 18.
18
What is the highest common divisor of 100 and 130?
10
Calculate the highest common divisor of 11554 and 53.
53
What is the highest common factor of 57 and 171?
57
Calculate the highest common divisor of 408 and 48.
24
Calculate the greatest common divisor of 234 and 1845.
9
What is the highest common factor of 282 and 150?
6
What is the highest common factor of 8104 and 56?
8
What is the highest common divisor of 5109 and 39?
39
What is the greatest common divisor of 308 and 7546?
154
Calculate the highest common divisor of 8 and 3.
1
Calculate the highest common divisor of 376 and 8.
8
Calculate the highest common factor of 98 and 1834.
14
Calculate the greatest common factor of 72 and 1467.
9
What is the greatest common divisor of 77 and 1386?
77
What is the highest common divisor of 27 and 207?
9
What is the highest common factor of 209 and 76?
19
Calculate the greatest common factor of 1356 and 7119.
339
Calculate the highest common factor of 3094 and 1904.
238
What is the greatest common divisor of 874 and 1007?
19
What is the greatest common factor of 180 and 45?
45
Calculate the greatest common divisor of 1462 and 688.
86
What is the greatest common factor of 232 and 8?
8
What is the highest common divisor of 3 and 7737?
3
What is the highest common divisor of 7 and 1099?
7
What is the greatest common divisor of 88 and 2160?
8
Calculate the highest common factor of 12 and 67944.
12
What is the highest common factor of 97 and 776?
97
What is the highest common factor of 3 and 1308?
3
Calculate the greatest common divisor of 680 and 40.
40
What is the highest common divisor of 66 and 1650?
66
What is the highest common factor of 31 and 31?
31
Calculate the greatest common divisor of 329 and 42.
7
What is the highest common divisor of 23 and 47863?
23
What is the highest common factor of 456 and 48?
24
What is the highest common factor of 12 and 186?
6
Calculate the greatest common factor of 238 and 306.
34
What is the greatest common divisor of 1118 and 86?
86
What is the highest common divisor of 66 and 8898?
6
What is the greatest common divisor of 60 and 1580?
20
What is the greatest common divisor of 187 and 33?
11
Calculate the greatest common divisor of 6557 and 83.
83
Calculate the highest common factor of 1617 and 168.
21
What is the highest common factor of 253 and 5221?
23
Calculate the highest common divisor of 312 and 348.
12
Calculate the highest common factor of 1350 and 50.
50
What is the highest common divisor of 500 and 2720?
20
What is the highest common factor of 94 and 26?
2
What is the highest common divisor of 26 and 962?
26
Calculate the highest common factor of 2 and 254.
2
Calculate the greatest common divisor of 60 and 960.
60
What is the greatest common divisor of 336 and 21?
21
What is the greatest common factor of 323 and 85?
17
Calculate the highest common factor of 60 and 735.
15
What is the greatest common factor of 2574 and 792?
198
What is the greatest common factor of 99 and 63?
9
Calculate the highest common divisor of 69 and 460.
23
What is the greatest common divisor of 168 and 546?
42
What is the greatest common divisor of 5160 and 160?
40
What is the greatest common factor of 915 and 1515?
15
What is the highest common factor of 80 and 8192?
16
Calculate the highest common factor of 36 and 198.
18
What is the greatest common divisor of 187 and 493?
17
What is the greatest common divisor of 10 and 40?
10
What is the greatest common divisor of 3689 and 34?
17
Calculate the greatest common divisor of 546 and 3666.
78
Calculate the highest common factor of 3286 and 106.
106
What is the highest common divisor of 943 and 368?
23
What is the greatest common factor of 108 and 44?
4
Calculate the greatest common divisor of 5459 and 636.
53
What is the highest common factor of 37 and 3071?
37
What is the highest common factor of 414 and 92?
46
Calculate the highest common factor of 1216 and 16.
16
What is the greatest common divisor of 12 and 12300?
12
What is the highest common factor of 6 and 100?
2
Calculate the highest common divisor of 7 and 1687.
7
Calculate the greatest common divisor of 56105 and 245.
245
Calculate the greatest common divisor of 1296 and 48.
48
Calculate the greatest common factor of 25 and 3865.
5
Calculate the greatest common factor of 339 and 1808.
113
Calculate the highest common factor of 880 and 144.
16
Calculate the greatest common divisor of 1040 and 600.
40
What is the highest common factor of 48 and 60?
12
Calculate the greatest common divisor of 296 and 37.
37
What is the greatest common divisor of 5 and 9365?
5
Calculate the highest common factor of 176 and 104.
8
Calculate the highest common factor of 54 and 15903.
27
What is the greatest common factor of 112 and 56?
56
What is the greatest common divisor of 23840 and 149?
149
Calculate the greatest common factor of 70 and 2674.
14
What is the highest common divisor of 104 and 416?
104
Calculate the highest common divisor of 1716 and 60.
12
What is the greatest common factor of 173 and 48613?
173
What is the highest common divisor of 147 and 3087?
147
What is the greatest common factor of 34 and 850?
34
Calculate the greatest common divisor of 28 and 154.
14
What is the highest common factor of 458 and 2?
2
What is the highest common factor of 114 and 152?
38
What is the highest common divisor of 39572 and 52?
52
What is the greatest common divisor of 43 and 3096?
43
What is the highest common factor of 32 and 7376?
16
Calculate the highest common divisor of 100 and 2275.
25
What is the greatest common factor of 51 and 2091?
51
What is the highest common divisor of 18 and 369?
9
Calculate the greatest common factor of 30 and 12910.
10
What is the greatest common divisor of 2205 and 45?
45
Calculate the highest common divisor of 41 and 8774.
41
What is the greatest common factor of 19038 and 76?
38
What is the highest common factor of 504 and 8?
8
Calculate the greatest common factor of 261 and 14123.
29
Calculate the highest common factor of 1068 and 623.
89
Calculate the greatest common divisor of 351 and 72.
9
What is the highest common divisor of 33 and 2211?
33
Calculate the highest common divisor of 16 and 7464.
8
Calculate the greatest common factor of 965 and